{"id":105,"date":"2025-08-18T14:12:57","date_gmt":"2025-08-18T14:12:57","guid":{"rendered":"https:\/\/greenqual.eu\/?page_id=105"},"modified":"2025-09-15T13:59:52","modified_gmt":"2025-09-15T13:59:52","slug":"kezdooldal","status":"publish","type":"page","link":"https:\/\/greenqual.eu\/?page_id=105&lang=hu","title":{"rendered":"Kezd\u0151oldal"},"content":{"rendered":"\n<div id=\"section-home\">\n  <div id=\"section-home-inner\">\n\n    <a class=\"section1 one_third\" href=\"https:\/\/greenqual.eu\/?page_id=122&#038;lang=hu\">\n      <div class=\"services-builder style1\">\n        <div class=\"iconimage\">\n          <i class=\"fa fa-university\"><\/i>\n        <\/div>\n        <div class=\"iconmain\">\n          <h3>R\u00f3lunk<\/h3>\n          <p>A GREENQUAL projekt k\u00f6z\u00e9ppontj\u00e1ban a v\u00e1rosi z\u00f6ldfel\u00fcletek (UGS) fejleszt\u00e9se, valamint azok hat\u00e1sainak vizsg\u00e1lata \u00e1ll k\u00fcl\u00f6nb\u00f6z\u0151 v\u00e1rossz\u00f6vetekben \u00e9s \u00e9ghajlati \u00f6vezetekben, a karbonsemleges v\u00e1rosok kialak\u00edt\u00e1s\u00e1nak el\u0151seg\u00edt\u00e9se \u00e9rdek\u00e9ben.<\/p>\n        <\/div>\n      <\/div>\n    <\/a>\n\n    <a class=\"section2 one_third\" href=\"https:\/\/greenqual.eu\/?page_id=110&#038;lang=hu\">\n      <div class=\"services-builder style1\">\n        <div class=\"iconimage\">\n          <i class=\"fa fa-book\"><\/i>\n        <\/div>\n        <div class=\"iconmain\">\n          <h3>Eredm\u00e9nyeink<\/h3>\n          <p>A kutat\u00e1sunkhoz kapcsol\u00f3d\u00f3 publik\u00e1ci\u00f3kat itt \u00e9rheti el.<\/p>\n        <\/div>\n      <\/div>\n    <\/a>\n\n    <a class=\"section3 one_third last\" href=\"https:\/\/greenqual.eu\/?page_id=130&#038;lang=hu\">\n      <div class=\"services-builder style1\">\n        <div class=\"iconimage\">\n          <i class=\"fa fa-mail-forward\"><\/i>\n        <\/div>\n        <div class=\"iconmain\">\n          <h3>Kapcsolat <\/h3>\n          <p> Ha k\u00e9rd\u00e9se van, vagy egy\u00fcttm\u0171k\u00f6dne vel\u00fcnk, keressen minket bizalommal.<\/p>\n        <\/div>\n      <\/div>\n    <\/a>\n\n    <div class=\"clearboth\">\n    <\/div>\n  <\/div>\n<\/div>\n","protected":false},"excerpt":{"rendered":"<p>R\u00f3lunk A GREENQUAL projekt k\u00f6z\u00e9ppontj\u00e1ban a v\u00e1rosi z\u00f6ldfel\u00fcletek (UGS) fejleszt\u00e9se, valamint azok hat\u00e1sainak vizsg\u00e1lata \u00e1ll k\u00fcl\u00f6nb\u00f6z\u0151 v\u00e1rossz\u00f6vetekben \u00e9s \u00e9ghajlati \u00f6vezetekben, a karbonsemleges v\u00e1rosok kialak\u00edt\u00e1s\u00e1nak el\u0151seg\u00edt\u00e9se \u00e9rdek\u00e9ben. Eredm\u00e9nyeink A kutat\u00e1sunkhoz kapcsol\u00f3d\u00f3 publik\u00e1ci\u00f3kat itt \u00e9rheti el. Kapcsolat Ha k\u00e9rd\u00e9se van, vagy egy\u00fcttm\u0171k\u00f6dne vel\u00fcnk, keressen minket bizalommal.<\/p>\n","protected":false},"author":1,"featured_media":0,"parent":0,"menu_order":0,"comment_status":"closed","ping_status":"closed","template":"","meta":{"footnotes":""},"class_list":["post-105","page","type-page","status-publish","hentry"],"_links":{"self":[{"href":"https:\/\/greenqual.eu\/index.php?rest_route=\/wp\/v2\/pages\/105","targetHints":{"allow":["GET"]}}],"collection":[{"href":"https:\/\/greenqual.eu\/index.php?rest_route=\/wp\/v2\/pages"}],"about":[{"href":"https:\/\/greenqual.eu\/index.php?rest_route=\/wp\/v2\/types\/page"}],"author":[{"embeddable":true,"href":"https:\/\/greenqual.eu\/index.php?rest_route=\/wp\/v2\/users\/1"}],"replies":[{"embeddable":true,"href":"https:\/\/greenqual.eu\/index.php?rest_route=%2Fwp%2Fv2%2Fcomments&post=105"}],"version-history":[{"count":8,"href":"https:\/\/greenqual.eu\/index.php?rest_route=\/wp\/v2\/pages\/105\/revisions"}],"predecessor-version":[{"id":376,"href":"https:\/\/greenqual.eu\/index.php?rest_route=\/wp\/v2\/pages\/105\/revisions\/376"}],"wp:attachment":[{"href":"https:\/\/greenqual.eu\/index.php?rest_route=%2Fwp%2Fv2%2Fmedia&parent=105"}],"curies":[{"name":"wp","href":"https:\/\/api.w.org\/{rel}","templated":true}]}}