{"id":122,"date":"2025-08-18T14:18:18","date_gmt":"2025-08-18T14:18:18","guid":{"rendered":"https:\/\/greenqual.eu\/?page_id=122"},"modified":"2025-08-25T08:49:03","modified_gmt":"2025-08-25T08:49:03","slug":"rolunk","status":"publish","type":"page","link":"https:\/\/greenqual.eu\/?page_id=122&lang=hu","title":{"rendered":"R\u00f3lunk"},"content":{"rendered":"\n<p class=\"has-medium-font-size\">Jap\u00e1n \u00e9s az Eur\u00f3pai Uni\u00f3 egyar\u00e1nt c\u00e9lul t\u0171zte ki, hogy 2050-re el\u00e9rje a karbonsemlegess\u00e9get, amely a kibocs\u00e1tott \u00e9s az elnyelt sz\u00e9n-dioxid mennyis\u00e9g\u00e9nek egyens\u00faly\u00e1t felt\u00e9telezi. Ebben kulcsszerepet t\u00f6ltenek be a v\u00e1rosi z\u00f6ldfel\u00fcletek, mint term\u00e9szetes sz\u00e9n-dioxid-nyel\u0151k. A <strong>GREENQUAL projekt<\/strong> c\u00e9lja a v\u00e1rosi z\u00f6ldfel\u00fcletek min\u0151s\u00e9g\u00e9nek \u00e9s kiterjed\u00e9s\u00e9nek jav\u00edt\u00e1sa, valamint hat\u00e1saik vizsg\u00e1lata k\u00fcl\u00f6nb\u00f6z\u0151 v\u00e1rossz\u00f6vet-t\u00edpusokban \u00e9s \u00e9ghajlati \u00f6vezetekben a sz\u00e9n-dioxid-semleges v\u00e1rosok kialak\u00edt\u00e1s\u00e1nak t\u00e1mogat\u00e1sa \u00e9rdek\u00e9ben.<\/p>\n\n\n\n<p class=\"has-medium-font-size\">A z\u00f6ldfel\u00fcletek hozz\u00e1j\u00e1rulnak a v\u00e1rosi v\u00edz-, talaj- \u00e9s leveg\u0151min\u0151s\u00e9g jav\u00edt\u00e1s\u00e1hoz, m\u00e9rs\u00e9klik a v\u00e1rosi h\u0151sziget-hat\u00e1st, cs\u00f6kkentik a vill\u00e1m\u00e1rvizek \u00e9s asz\u00e1lyok el\u0151fordul\u00e1s\u00e1t, ez\u00e1ltal alapvet\u0151 jelent\u0151s\u00e9g\u0171v\u00e9 v\u00e1lnak a fenntarthat\u00f3 telep\u00fcl\u00e9si k\u00f6rnyezet, a kl\u00edmav\u00e1ltoz\u00e1shoz val\u00f3 alkalmazkod\u00e1s \u00e9s a v\u00e1rosi reziliencia szempontj\u00e1b\u00f3l. A s\u0171r\u0171n be\u00e9p\u00edtett telep\u00fcl\u00e9sekben a z\u00f6ldfel\u00fcletek komplex hat\u00e1sai egy\u00fattal kedvez\u0151bb \u00e9letmin\u0151s\u00e9get biztos\u00edtanak, jav\u00edtj\u00e1k a lakoss\u00e1g testi \u00e9s lelki eg\u00e9szs\u00e9g\u00e9t, mivel m\u00e9rs\u00e9klik a k\u00e1ros k\u00f6rnyezeti hat\u00e1soknak val\u00f3 kitetts\u00e9get.<\/p>\n\n\n\n<figure class=\"wp-block-image size-full\"><img loading=\"lazy\" decoding=\"async\" width=\"1024\" height=\"576\" src=\"https:\/\/greenqual.eu\/wp-content\/uploads\/2025\/08\/image.png\" alt=\"\" class=\"wp-image-44\" srcset=\"https:\/\/greenqual.eu\/wp-content\/uploads\/2025\/08\/image.png 1024w, https:\/\/greenqual.eu\/wp-content\/uploads\/2025\/08\/image-300x169.png 300w, https:\/\/greenqual.eu\/wp-content\/uploads\/2025\/08\/image-768x432.png 768w\" sizes=\"auto, (max-width: 1024px) 100vw, 1024px\" \/><\/figure>\n\n\n\n<p class=\"has-medium-font-size\">A projekt h\u00e1rom \u00e9ve alatt Oszaka, Krakk\u00f3 \u00e9s Budapest kutat\u00f3i egyes\u00edtik er\u0151iket, hogy a fent eml\u00edtett t\u00e9nyez\u0151ket k\u00fcl\u00f6nf\u00e9le kutat\u00e1si m\u00f3dszerekkel \u2013 t\u00f6bbek k\u00f6z\u00f6tt kooperat\u00edv tervez\u00e9ssel, workshopokkal \u00e9s tud\u00e1stranszferrel \u2013 vizsg\u00e1lj\u00e1k. Az optim\u00e1lis v\u00e1rosi z\u00f6ldfel\u00fcleti (UGS) megold\u00e1sok felt\u00e1r\u00e1sa \u00e9rdek\u00e9ben h\u00e1rom v\u00e1rost v\u00e1lasztottak ki. Jap\u00e1nban a vizsg\u00e1lat k\u00f6z\u00e9ppontj\u00e1ban Oszaka v\u00e1ros\u00e1nak az Oszaka-\u00f6b\u00f6lh\u00f6z kapcsol\u00f3d\u00f3 v\u00e1rosi ter\u00fcletei \u00e1llnak. Magyarorsz\u00e1gon Budapest f\u0151v\u00e1ros \u00e9s annak b\u00e9rh\u00e1znegyedei ker\u00fclnek f\u00f3kuszba: a s\u00edk pesti, sz\u00e1zadfordul\u00f3s, s\u0171r\u0171n be\u00e9p\u00edtett v\u00e1rosr\u00e9szek, a budai hegyvid\u00e9ki ter\u00fcletek, valamint a jellegzetes szocialista modernista lak\u00f3telepek. Lengyelorsz\u00e1gban Krakk\u00f3ban az \u00d3v\u00e1ros k\u00f6zpontja, parkjai, az \u00fagynevezett z\u00f6lds\u00e1vok \u00e9s a Nagyr\u00e9t szolg\u00e1lnak a kutat\u00e1s alapj\u00e1ul.<\/p>\n\n\n\n<p class=\"has-medium-font-size\">Ahhoz, hogy a v\u00e1rosi z\u00f6ldfel\u00fcletek bet\u00f6lthess\u00e9k szerep\u00fcket, hozz\u00e1f\u00e9rhet\u0151s\u00e9g\u00fck elengedhetetlen. Ennek megfelel\u0151en a kutat\u00e1s sor\u00e1n vizsg\u00e1lj\u00e1k a z\u00f6ldter\u00fcletek hozz\u00e1f\u00e9rhet\u0151s\u00e9g\u00e9t is, a karbonsemleges v\u00e1rosok k\u00f6rnyezeti igazs\u00e1goss\u00e1g\u00e1nak t\u00e1mogat\u00e1sa \u00e9rdek\u00e9ben. Egy \u00faj m\u00f3dszert dolgoznak ki \u00e9s tesztelnek a z\u00f6ldfel\u00fcletek hozz\u00e1f\u00e9rhet\u0151s\u00e9g\u00e9nek meghat\u00e1roz\u00e1s\u00e1ra, amely meghaladja a megl\u00e9v\u0151 megk\u00f6zel\u00edt\u00e9sek korl\u00e1tait. A hozz\u00e1f\u00e9rhet\u0151s\u00e9g m\u00e9r\u00e9se nagyl\u00e9pt\u00e9kben t\u00f6rt\u00e9nik, v\u00e1rosi adatb\u00e1zisok, ny\u00edlt adatok \u00e9s m\u0171holdfelv\u00e9telek felhaszn\u00e1l\u00e1s\u00e1val. Mindh\u00e1rom v\u00e1rosban 2\u20133 mintater\u00fcletet v\u00e1lasztanak ki, amelyeket k\u00e9tdimenzi\u00f3s \u00e9s h\u00e1romdimenzi\u00f3s form\u00e1ban is modelleznek. Ezek alapvet\u0151 jellemz\u0151ir\u0151l \u2013 p\u00e9ld\u00e1ul be\u00e9p\u00edtetts\u00e9gi s\u0171r\u0171s\u00e9g, infrastrukt\u00fara \u00e9s \u00e9p\u00fcletgeometria \u2013 r\u00e9szletes adatokat gy\u0171jtenek. Ezt k\u00f6vet\u0151en a mintater\u00fcleteken szimul\u00e1ci\u00f3kat, k\u00eds\u00e9rleteket \u00e9s sz\u00e1m\u00edt\u00e1sokat v\u00e9geznek, amelyek m\u00f3dszertana az egyes partnerint\u00e9zm\u00e9nyek saj\u00e1tos szak\u00e9rtelm\u00e9re \u00e9p\u00fcl.<\/p>\n\n\n\n<p class=\"has-medium-font-size\">Az eredm\u00e9nyeket \u00e9s m\u00f3dszereket elemezni \u00e9s \u00f6sszehasonl\u00edtani k\u00edv\u00e1nj\u00e1k, tov\u00e1bb\u00e1 vizsg\u00e1lj\u00e1k alkalmazhat\u00f3s\u00e1gukat k\u00fcl\u00f6nb\u00f6z\u0151 v\u00e1rost\u00edpusokban \u00e9s \u00e9ghajlati \u00f6vezetekben. E c\u00e9lt k\u00f6z\u00f6s tervez\u0151i workshopok seg\u00edtik, amelyek a tud\u00e1s \u00e1tad\u00e1s\u00e1t, valamint a v\u00e9gs\u0151 eredm\u00e9nyek rendszerszint\u0171 \u00e9s holisztikus megk\u00f6zel\u00edt\u00e9s\u00e9t biztos\u00edtj\u00e1k. A kutat\u00e1si eredm\u00e9nyeket, a legjobb gyakorlatokat, valamint a tervezett mintaz\u00f6ldfel\u00fcleteket egy k\u00e9zik\u00f6nyv foglalja \u00f6ssze \u00e9s publik\u00e1lja. Ezt valamennyi orsz\u00e1g kulcsszerepl\u0151je \u2013 \u00f6nkorm\u00e1nyzatok, v\u00e1ros\u00e9p\u00edt\u00e9szeti \u00e9s \u00e9p\u00edt\u00e9szeti irod\u00e1k, strat\u00e9giak\u00e9sz\u00edt\u0151k \u00e9s d\u00f6nt\u00e9st\u00e1mogat\u00f3 szakemberek \u2013 hasznos\u00edthatja, hogy inform\u00e1ci\u00f3t \u00e9s tervez\u00e9si mint\u00e1kat nyerjenek a v\u00e1rosi z\u00f6ldfel\u00fcletek kialak\u00edt\u00e1s\u00e1hoz, a fenntarthat\u00f3 j\u00f6v\u0151 \u00e9rdek\u00e9ben.<\/p>\n\n\n\n<p class=\"has-medium-font-size\">R\u00e9sztvev\u0151k:<\/p>\n\n\n\n<ul class=\"wp-block-list\">\n<li class=\"has-medium-font-size\">Dr. Sug\u00e1r Vikt\u00f3ria &#8211; \u00d3budai Egyetem &#8211; Magyarorsz\u00e1g<\/li>\n\n\n\n<li class=\"has-medium-font-size\">Dr. Hartmann B\u00e1lint  &#8211; F4STER &#8211; Future 4 Sustainable Transport and Energy Research Institute Zrt. &#8211; Magyarorsz\u00e1g<\/li>\n\n\n\n<li class=\"has-medium-font-size\">Prof. Kita Michiro &#8211; Oszakai  Egyetem &#8211; Jap\u00e1n<\/li>\n\n\n\n<li class=\"has-medium-font-size\">Dr. Barbara Czesak &#8211; Krakk\u00f3i Agr\u00e1rtudom\u00e1nyi Egyetem &#8211; Lengyelorsz\u00e1g<\/li>\n<\/ul>\n\n\n\n<figure class=\"wp-block-image\"><img decoding=\"async\" src=\"https:\/\/concert-japan.eu\/wp-content\/uploads\/2023\/09\/images-4.png\" alt=\"\"\/><\/figure>\n\n\n\n<figure class=\"wp-block-image\"><img decoding=\"async\" src=\"https:\/\/concert-japan.eu\/wp-content\/uploads\/2023\/09\/telechargement-1.png\" alt=\"\"\/><\/figure>\n\n\n\n<figure class=\"wp-block-image is-resized\"><img decoding=\"async\" src=\"https:\/\/concert-japan.eu\/wp-content\/uploads\/2023\/06\/Japan-Science-Technology-Agency-Logo-500x437-1.png\" alt=\"\" style=\"width:295px;height:auto\"\/><\/figure>\n","protected":false},"excerpt":{"rendered":"<p>Jap\u00e1n \u00e9s az Eur\u00f3pai Uni\u00f3 egyar\u00e1nt c\u00e9lul t\u0171zte ki, hogy 2050-re el\u00e9rje a karbonsemlegess\u00e9get, amely a kibocs\u00e1tott \u00e9s az elnyelt sz\u00e9n-dioxid mennyis\u00e9g\u00e9nek egyens\u00faly\u00e1t felt\u00e9telezi. Ebben kulcsszerepet t\u00f6ltenek be a v\u00e1rosi z\u00f6ldfel\u00fcletek, mint term\u00e9szetes sz\u00e9n-dioxid-nyel\u0151k. A GREENQUAL projekt c\u00e9lja a v\u00e1rosi z\u00f6ldfel\u00fcletek min\u0151s\u00e9g\u00e9nek \u00e9s kiterjed\u00e9s\u00e9nek jav\u00edt\u00e1sa, valamint hat\u00e1saik vizsg\u00e1lata k\u00fcl\u00f6nb\u00f6z\u0151 v\u00e1rossz\u00f6vet-t\u00edpusokban \u00e9s \u00e9ghajlati \u00f6vezetekben a sz\u00e9n-dioxid-semleges [&hellip;]<\/p>\n","protected":false},"author":1,"featured_media":0,"parent":0,"menu_order":0,"comment_status":"closed","ping_status":"closed","template":"","meta":{"footnotes":""},"class_list":["post-122","page","type-page","status-publish","hentry"],"_links":{"self":[{"href":"https:\/\/greenqual.eu\/index.php?rest_route=\/wp\/v2\/pages\/122","targetHints":{"allow":["GET"]}}],"collection":[{"href":"https:\/\/greenqual.eu\/index.php?rest_route=\/wp\/v2\/pages"}],"about":[{"href":"https:\/\/greenqual.eu\/index.php?rest_route=\/wp\/v2\/types\/page"}],"author":[{"embeddable":true,"href":"https:\/\/greenqual.eu\/index.php?rest_route=\/wp\/v2\/users\/1"}],"replies":[{"embeddable":true,"href":"https:\/\/greenqual.eu\/index.php?rest_route=%2Fwp%2Fv2%2Fcomments&post=122"}],"version-history":[{"count":7,"href":"https:\/\/greenqual.eu\/index.php?rest_route=\/wp\/v2\/pages\/122\/revisions"}],"predecessor-version":[{"id":282,"href":"https:\/\/greenqual.eu\/index.php?rest_route=\/wp\/v2\/pages\/122\/revisions\/282"}],"wp:attachment":[{"href":"https:\/\/greenqual.eu\/index.php?rest_route=%2Fwp%2Fv2%2Fmedia&parent=122"}],"curies":[{"name":"wp","href":"https:\/\/api.w.org\/{rel}","templated":true}]}}