{"id":236,"date":"2025-08-22T11:39:06","date_gmt":"2025-08-22T11:39:06","guid":{"rendered":"https:\/\/greenqual.eu\/?page_id=236"},"modified":"2025-08-22T12:06:29","modified_gmt":"2025-08-22T12:06:29","slug":"greenqual-workshop-krakkoban","status":"publish","type":"page","link":"https:\/\/greenqual.eu\/?page_id=236&lang=hu","title":{"rendered":"GreenQual Workshop Krakk\u00f3ban"},"content":{"rendered":"\n<div class=\"wp-block-cover\"><img loading=\"lazy\" decoding=\"async\" width=\"1024\" height=\"768\" class=\"wp-block-cover__image-background wp-image-238 size-large\" alt=\"\" src=\"https:\/\/greenqual.eu\/wp-content\/uploads\/2025\/08\/IMG_2529-1024x768.jpeg\" data-object-fit=\"cover\" srcset=\"https:\/\/greenqual.eu\/wp-content\/uploads\/2025\/08\/IMG_2529-1024x768.jpeg 1024w, https:\/\/greenqual.eu\/wp-content\/uploads\/2025\/08\/IMG_2529-300x225.jpeg 300w, https:\/\/greenqual.eu\/wp-content\/uploads\/2025\/08\/IMG_2529-768x576.jpeg 768w, https:\/\/greenqual.eu\/wp-content\/uploads\/2025\/08\/IMG_2529-1536x1152.jpeg 1536w, https:\/\/greenqual.eu\/wp-content\/uploads\/2025\/08\/IMG_2529-2048x1536.jpeg 2048w\" sizes=\"auto, (max-width: 1024px) 100vw, 1024px\" \/><span aria-hidden=\"true\" class=\"wp-block-cover__background has-background-dim\" style=\"background-color:#76816a\"><\/span><div class=\"wp-block-cover__inner-container is-layout-constrained wp-block-cover-is-layout-constrained\">\n<p class=\"has-text-align-center has-large-font-size\"><\/p>\n<\/div><\/div>\n\n\n\n<p style=\"font-size:20px\">\u00d6r\u00f6mmel sz\u00e1molunk be r\u00f3la, hogy lezajlott a GreenQual nemzetk\u00f6zi kutat\u00e1si projekt els\u0151 workshopja Krakk\u00f3ban!<br><br>A GreenQual projekt c\u00e9lja, hogy a z\u00f6ldfel\u00fcletek n\u00f6vel\u00e9s\u00e9vel a v\u00e1rosaink mikrokl\u00edm\u00e1j\u00e1t jav\u00edtsuk, m\u00e9rj\u00fck \u00e9s modellezz\u00fck az \u00edgy el\u00e9rhet\u0151, pozit\u00edv hat\u00e1sokat, mellyel t\u00f6bbek k\u00f6z\u00f6tt a v\u00e1rosi h\u0151sziget hat\u00e1s elleni k\u00fczdelmet seg\u00edtj\u00fck!<br><br>A rendezv\u00e9nyen az \u00d3budai Egyetem Ybl csapata mellett r\u00e9szt vettek partnereink is, a University of Agriculture in Krakow, a F4STER Zrt, valamint a University of Osaka k\u00e9pviselet\u00e9ben.<br><br>A szakmai program keret\u00e9ben nemcsak izgalmas el\u0151ad\u00e1sokkal, inspir\u00e1l\u00f3 besz\u00e9lget\u00e9sekkel \u00e9s k\u00f6z\u00f6s tervez\u00e9ssel haladtunk el\u0151re, hanem helysz\u00edni bej\u00e1r\u00e1sokra is sor ker\u00fclt, amely fontos l\u00e9p\u00e9s volt a kutat\u00e1si c\u00e9lter\u00fcletek kiv\u00e1laszt\u00e1s\u00e1nak el\u0151mozd\u00edt\u00e1s\u00e1ban. Ez\u00e1ltal \u00faj szintre emelhett\u00fck a projekt gyakorlati megalapoz\u00e1s\u00e1t is.<br><br>K\u00f6sz\u00f6nj\u00fck minden r\u00e9sztvev\u0151 akt\u00edv k\u00f6zrem\u0171k\u00f6d\u00e9s\u00e9t \u00e9s elk\u00f6telezetts\u00e9g\u00e9t! Hissz\u00fck, hogy az egy\u00fcttm\u0171k\u00f6d\u00e9s erej\u00e9vel val\u00f3di el\u0151rel\u00e9p\u00e9st \u00e9rhet\u00fcnk el a fenntarthat\u00f3s\u00e1g \u00e9s k\u00f6rnyezeti min\u0151s\u00e9g ter\u00e9n.<br><br>Tov\u00e1bbi inform\u00e1ci\u00f3kat&nbsp;<a href=\"https:\/\/kgpiak.urk.edu.pl\/aktualnosci-kgpiak\/greenqual-57.html\">University of Agriculture in Krakow<\/a>&nbsp;\u00e9s az&nbsp;<a href=\"https:\/\/ybl.uni-obuda.hu\/eig-concert-japan-greenqual-2024-2027\/\">\u00d3budai Egyetem Ybl Mikl\u00f3s \u00c9p\u00edt\u00e9studom\u00e1nyi Kar&nbsp;<\/a>honlapj\u00e1n olvashatnak.<br><br>A GreenQual: A z\u00f6ldfel\u00fcletek szerep\u00e9nek vizsg\u00e1lata az \u00e9ghajlatv\u00e1ltoz\u00e1shoz val\u00f3 alkalmazkod\u00f3k\u00e9pess\u00e9g, a v\u00edz-, talaj- \u00e9s leveg\u0151min\u0151s\u00e9g jav\u00edt\u00e1s\u00e1ban s\u0171r\u0171 v\u00e1rosi sz\u00f6vetben c\u00edm\u0171 projektet az European Interest Group (EIG), a CONCERT-Japan \u00e9s a magyar NKFI hivatal t\u00e1rsfinansz\u00edrozza a 2024-1.2.2-ERA_NET-2024-00006 sz\u00e1m\u00fa t\u00e1mogat\u00e1si sz\u00e1m alatt.<\/p>\n\n\n\n<figure class=\"wp-block-image size-large\"><img decoding=\"async\" src=\"https:\/\/greenqual.eu\/wp-content\/uploads\/2025\/08\/nrdi-1-1024x360.png\" alt=\"\" class=\"wp-image-237\"\/><\/figure>\n","protected":false},"excerpt":{"rendered":"<p>\u00d6r\u00f6mmel sz\u00e1molunk be r\u00f3la, hogy lezajlott a GreenQual nemzetk\u00f6zi kutat\u00e1si projekt els\u0151 workshopja Krakk\u00f3ban! A GreenQual projekt c\u00e9lja, hogy a z\u00f6ldfel\u00fcletek n\u00f6vel\u00e9s\u00e9vel a v\u00e1rosaink mikrokl\u00edm\u00e1j\u00e1t jav\u00edtsuk, m\u00e9rj\u00fck \u00e9s modellezz\u00fck az \u00edgy el\u00e9rhet\u0151, pozit\u00edv hat\u00e1sokat, mellyel t\u00f6bbek k\u00f6z\u00f6tt a v\u00e1rosi h\u0151sziget hat\u00e1s elleni k\u00fczdelmet seg\u00edtj\u00fck! A rendezv\u00e9nyen az \u00d3budai Egyetem Ybl csapata mellett r\u00e9szt vettek partnereink [&hellip;]<\/p>\n","protected":false},"author":1,"featured_media":0,"parent":0,"menu_order":0,"comment_status":"closed","ping_status":"closed","template":"","meta":{"footnotes":""},"class_list":["post-236","page","type-page","status-publish","hentry"],"_links":{"self":[{"href":"https:\/\/greenqual.eu\/index.php?rest_route=\/wp\/v2\/pages\/236","targetHints":{"allow":["GET"]}}],"collection":[{"href":"https:\/\/greenqual.eu\/index.php?rest_route=\/wp\/v2\/pages"}],"about":[{"href":"https:\/\/greenqual.eu\/index.php?rest_route=\/wp\/v2\/types\/page"}],"author":[{"embeddable":true,"href":"https:\/\/greenqual.eu\/index.php?rest_route=\/wp\/v2\/users\/1"}],"replies":[{"embeddable":true,"href":"https:\/\/greenqual.eu\/index.php?rest_route=%2Fwp%2Fv2%2Fcomments&post=236"}],"version-history":[{"count":2,"href":"https:\/\/greenqual.eu\/index.php?rest_route=\/wp\/v2\/pages\/236\/revisions"}],"predecessor-version":[{"id":250,"href":"https:\/\/greenqual.eu\/index.php?rest_route=\/wp\/v2\/pages\/236\/revisions\/250"}],"wp:attachment":[{"href":"https:\/\/greenqual.eu\/index.php?rest_route=%2Fwp%2Fv2%2Fmedia&parent=236"}],"curies":[{"name":"wp","href":"https:\/\/api.w.org\/{rel}","templated":true}]}}